6*y - 3*y. What is x(u)?
-14
Let j(a) = a + 1. Suppose -2*y = -0*y + 2. Let g(m) = 2*m**3 - 1 + 6 - 9 + 3 - m + m**2 + 0*m**2. Let v be g(y). What is j(v)?
0
Let t(n) = 5*n**2 + 16*n + 45. Let a(s) = -2*s**2 - 6*s - 16. Let k(m) = -8*a(m) - 3*t(m). Suppose 0*q = 2*q + 6. Calculate k(q).
2
Let n(c) = -c - 2. Let l be n(-6). Suppose l*b - 32 = -2*p, -6*p + p + 4*b = -10. Let t(z) = 2*z**2 + 2 + 2 + 0 - p - z. What is t(-2)?
8
Let s(g) = 26*g - 24*g - 1734 + 1726. Give s(7).
6
Let u = -1989 - -1987. Let r(x) = 35*x + 76. Give r(u).
6
Let s(j) = 18*j - 2*j - 47 - 4*j - 7*j. Let n be s(9). Let b be ((-5)/(-10))/(n/24). Let k(z) = -2*z - 7. Give k(b).
5
Suppose 9*k - 11 - 34 = 0. Suppose 0 = -p - 6 + 4, -34 = -4*m + k*p. Let t(f) = -6*f - f - 80*f**2 - 71*f**2 + 152*f**2 + 9. Give t(m).
3
Let o(b) = b**3 - b - 1. Let v(r) = -1 + 8 + 4*r**3 + 9*r + 18*r**2 + r**3 - 6*r**2. Let c(h) = -4*o(h) + v(h). What is c(-11)?
-11
Let a(m) = -5*m + 9. Let k = 6337 - 6343. Calculate a(k).
39
Let m(f) = 2*f - 11. Suppose 105*t - 18 = -2*o + 108*t, -16*t - 16 = -4*o. Calculate m(o).
13
Let k(o) be the second derivative of -o**3/2 + o. Let p be (600/(-250))/(2/(-5)) + (-108)/12. Calculate k(p).
9
Let i(m) = m**3 + 19*m**2 - 20*m + 3. Let l be i(-20). Let o(x) = -1 + x + 20*x**2 - 41*x**2 + 23*x**2 - x**l. Determine o(2).
1
Let s(o) be the second derivative of -1/3*o**4 - 1/2*o**3 - 1 + 1/20*o**5 - o**2 - 22*o. What is s(5)?
8
Let j(w) = -3*w + 12. Let v = 2395 + -2393. Calculate j(v).
6
Let t(a) = -13*a**3 - 234*a**2 + 69*a + 131. Let g(w) = -4*w**3 - 72*w**2 + 23*w + 43. Let q(k) = 10*g(k) - 3*t(k). Give q(-19).
-39
Let o(w) = 104*w**2 + 430*w - 1235. Let v(j) = 9*j**2 + 39*j - 112. Let m(z) = -2*o(z) + 23*v(z). Calculate m(33).
26
Let f be (-3425)/4 + 0 - 6/8. Let a = f - -858. Let k(u) be the second derivative of -13*u**3/6 + u**2/2 - 2*u. Determine k(a).
-12
Let b(z) = -5*z - 2. Let j be b(2). Let v(h) = -21*h - 32*h**2 + 16 + 30*h**2 - h - h. Give v(j).
4
Let w(o) = -o**3 + 2*o**2 - 8*o + 13. Let c = -223 + 234. Let a(x) = -3*x**3 + 7*x**2 - 24*x + 37. Let n(d) = c*w(d) - 4*a(d). What is n(5)?
10
Let v(w) = w**3 - 1 - 2*w**3 - 4 - 3*w**2 + 8*w**2 + w + 2*w. Suppose -2*l + 4*g = -12, 2*l + g = -3*g + 12. Give v(l).
-23
Suppose 21 = -0*z - 3*z. Let l be 76/(-2) + (-7)/z. Let q = -42 - l. Let w(t) = -2*t - 4. Calculate w(q).
6
Suppose 33*v - 48 + 558 = -315. Let d(b) = b**3 + 26*b**2 + 24*b + 11. What is d(v)?
36
Suppose 11*y - 21*y - 60 = 0. Let f(k) = 12*k - 2. Let b(r) = -14*r + 3. Let n(c) = -5*b(c) - 6*f(c). Calculate n(y).
9
Let h(n) be the second derivative of 7*n**6/720 + n**5/60 + 2*n**4 + 15*n + 1. Let t(w) be the third derivative of h(w). What is t(-1)?
-5
Let x(b) = b**2 - 176*b + 691. Let r be x(4). Let i(j) be the first derivative of 1/3*j**r + 5 - 6*j + j**2. Determine i(-5).
9
Let u(v) = 30*v**2 + 662*v**3 - 7*v - 9 + 1 - 661*v**3 - 26*v**2. Give u(-4).
20
Let r = -177 + 181. Let c(k) = -k**2 + k - 2. Let a(h) = -h**3 + 9*h**2 - 3*h + 7. Let l(x) = a(x) + 5*c(x). What is l(r)?
5
Let b = -2 - -7. Let j(r) = -2*r + 703534 - 703534. Determine j(b).
-10
Let t(j) = 7*j**2 + 24*j - 4. Let b(c) = -7*c**2 - 34*c + 4. Let v(n) = -2*b(n) - 3*t(n). Determine v(2).
-32
Let t be 5 + (-1)/(-3)*471. Suppose -160*r + t*r = -8. Let s(n) = n**2 - 10*n - 7. Let w(z) = -z**2 + 9*z + 6. Let f(m) = r*s(m) - 5*w(m). What is f(4)?
-6
Let c(q) = -48*q**2 - 866*q - 35. Let p be c(-18). Let l(r) be the second derivative of 5*r**3/6 - 3*r**2/2 - r. Give l(p).
2
Let a(l) be the third derivative of -l**6/120 + l**5/60 + l**4/8 - l**3/6 - 10972*l**2. Let j be 2*1*(-3)/(-2). What is a(j)?
-10
Let b be (-39 + 39)/((-4)/2). Suppose 3*d + 5*a + 3 = -d, b = d - 3*a + 5. Let n(g) = 5*g + 1. What is n(d)?
-9
Let p(f) = f**2 + 11*f + 20. Let l(u) = 11*u - 154. Let n be l(21). Suppose -68*v + 81 = -n*v. What is p(v)?
2
Let l(p) = -p**2 + 7*p + 1. Let f = 1910 - 1897. Let c(m) = -5 - m**2 + 10*m + 3*m + 0*m**2 + m. Let x be c(f). Determine l(x).
-7
Let i = 123 - 133. Let o be (-18)/(-10)*i/3. Let s(j) = -j + 5. Determine s(o).
11
Suppose -v = 2*i - 16, -5*v = 3*i - 3*v - 25. Let c(m) be the second derivative of -m**5/20 + 7*m**4/12 + 5*m**2/2 + 122*m - 2. Determine c(i).
5
Let p(y) be the first derivative of -2*y**2 + 20*y - 562. Determine p(11).
-24
Suppose 0 = -9*m + 2*m + 161. Let v(p) = 24*p + 30*p - 95*p + 23*p - 36 + m*p + p**2. Give v(-9).
0
Let u(a) = -a + 5*a - 5*a**2 - 28*a**2 + 39*a**2 - 3*a + 3. What is u(-4)?
95
Let m(b) = 9*b**3 + 117*b**2 - b - 12. Let l be m(-13). Let n(i) = -18*i - 9. Calculate n(l).
-27
Let j(s) = 2*s**3 - 21*s**2 + 8*s + 27. Let q be j(10). Let i(x) = 2*x**3 - 15*x**2 + 7*x + 4. Calculate i(q).
4
Let t(a) = -24*a**3 + 10*a**2 - 2. Let y(m) = 19*m**3 - 9*m**2 + m. Let g(w) = 4*t(w) + 5*y(w). Let l be 7/(14/(-12)) - 0. Calculate g(l).
-2
Suppose -75*r + 82*r = 196. Suppose 0 = 4*p - 12, 13*b - 8*b + p - r = 0. Let u(c) = c**3 - 2*c**2 - 6*c - 4. Determine u(b).
41
Let k(l) = l**2 + 46*l + 88. Let j be k(-2). Let f(o) = o**2 + 2*o + 39. Determine f(j).
39
Let i(x) be the first derivative of x**4/2 + 8*x**3 + x**2/2 + 18*x + 91. Let o be i(-12). Let a(q) = q**2 - 2*q - 5. Determine a(o).
19
Let x(w) = 5*w**3 - 14*w**2 - 9*w + 30. Let y(v) = 3*v**3 - 9*v**2 - 6*v + 21. Let l(j) = 5*x(j) - 8*y(j). What is l(0)?
-18
Let n(v) = -6*v**3 - 12*v**2 - 12*v - 3. Let m(w) = -7*w**3 - 13*w**2 - 13*w - 3. Let p(y) = -5*m(y) + 6*n(y). Suppose -18*u + 919 = 1009. Calculate p(u).
-18
Let d be (-234)/(-180) + 12/(-10). Let j(v) be the second derivative of 0*v**2 + d*v**5 + 1/12*v**4 - 9*v + 0 + 1/6*v**3. Determine j(-2).
-14
Let z(t) = -t**3 + 5*t**2 - 2*t + 1. Let v be (-15)/10*352/3*-1. Suppose 5*d + 256 = 4*h, -4*d + 0*h - 4*h - v = 0. Let p = d + 53. What is z(p)?
-9
Let w(b) = -b**2 + b + 4. Suppose 5*q - 106 = -n, 0 = -2*n - 4 + 6. Suppose -13 = -3*g - 2*k, g + 4*k = -10 + q. What is w(g)?
-2
Let q = -7064 + 7066. Let h be -3*(2/3)/(-1). Let u(d) = 8*d**2 - 2 - d**3 + h*d - 4*d + 0*d - 5*d**q. What is u(2)?
-2
Let t(f) be the third derivative of f**2 + 0*f + 1/120*f**6 + 5/12*f**4 - 11/60*f**5 - 53 - 5/3*f**3. Determine t(10).
-10
Let k be (-1 + 2)/((-6)/(-18)). Let n(g) = -k + 0 + 0 - g - 1. Let m = -10004 - -10001. Calculate n(m).
-1
Let g(l) = l - 9. Let o = 1737 + -1732. Give g(o).
-4
Let n = 5792 - 5789. Let z(u) = 56*u - 165. Give z(n).
3
Let d(q) be the second derivative of -q**4/3 - 5*q**3/3 + 5*q**2/2 - q + 297. Calculate d(-5).
-45
Let l = 15 + -11. Let u(g) = 9*g - 5 - g**3 - 1 - l + 7*g**2. Let m(q) = 2*q**2 + 4075*q + 12215. Let z be m(-3). Determine u(z).
-2
Let j(o) be the first derivative of 2*o**3/3 + 3*o**2/2 - 4*o + 1998. Give j(2).
10
Let h(g) = g + 13. Suppose -74 + 47 = -9*p. Let s(o) = -6*o**2 + 18*o. Let t be s(p). Calculate h(t).
13
Let x = -14176 + 14164. Let m(a) = -a**2 - 9*a + 17. Calculate m(x).
-19
Let k(w) = w - 9. Suppose 0 = 5*u + 5*q + 90, 2*u + 36 = -517*q + 513*q. Determine k(u).
-27
Let l(a) = -a**3 + 7*a**2 + 3*a - 4. Suppose 7*z + 11 = 8*z - j, 41 = 3*z - 5*j. What is l(z)?
17
Let y(v) = v**3 + 14*v**2 - 15*v + 4. Suppose -1192 = 321*l + 3623. What is y(l)?
4
Let h(t) = -71*t**2 + 9*t - 36. Let i(x) = -48*x**2 + 10*x - 35. Let v(a) = -2*h(a) + 3*i(a). Give v(6).
-33
Let v(y) = -y**3 - y**2 + 3*y + 5. Let n = -3117 - -3115. Calculate v(n).
3
Let n(p) = 17*p**2 + 2*p - 3. Let m(y) = -913*y + 7302. Let d be m(8). Calculate n(d).
61
Let l(d) = 35 - 15*d**2 - 106 + 33 + 39. Suppose -6*f + 4 = -2*f. What is l(f)?
-14
Let t(d) = -78*d + 31*d + 295 + 683 + 208*d - 166. Give t(-5).
7
Suppose 30*h - 48*h + 54 = 0. Let r(i) = -18 - 79*i + 75*i + 6*i**2 + 0*i**3 + 0*i**h - i**3 + 7. What is r(5)?
-6
Let q(w) = 15*w**2 - 2*w + 1. Let b be q(2). Suppose -3*h + b - 42 = 0. Let r(n) = 5*n - 6*n - h*n + 1. What is r(2)?
-11
Let x(d) = 9*d**3 + d**2 + 4*d - 4. Let w(h) = 4*h**3 + h - 2. Let a(l) = 2*l**2 - 26*l + 27. Let v be a(12). Let b(s) = v*x(s) - 7*w(s). Give b(4).
6
Suppose -24 - 9 = -52*q + 19. Let t(v) = 40*v - 9. Calculate t(q).
31
Let g(z) = -10*z**2 - 262*z - 20. Let c(s) = -3*s**2 - 80*s - 6. Let r(k) = 13*c(k) - 4*g(k). Suppose 35 = -5*q - 5. Calculate r(q).
2
Suppose 2*b + 1302 = -40*b. Let u(y) = -y**2 - 27*y + 125. Give u(b